{"id":224,"date":"2022-01-06T14:17:38","date_gmt":"2022-01-06T14:17:38","guid":{"rendered":"https:\/\/conectou.com.br\/producao\/?page_id=224"},"modified":"2025-08-19T16:04:31","modified_gmt":"2025-08-19T19:04:31","slug":"ouvidoria","status":"publish","type":"page","link":"https:\/\/coopercredunilever.com.br\/home\/ouvidoria\/","title":{"rendered":"Ouvidoria"},"content":{"rendered":"\t\t<div data-elementor-type=\"wp-page\" data-elementor-id=\"224\" class=\"elementor elementor-224\">\n\t\t\t\t\t\t<section class=\"elementor-section elementor-top-section elementor-element elementor-element-665d386 elementor-section-height-min-height elementor-section-items-bottom elementor-section-boxed elementor-section-height-default\" data-id=\"665d386\" data-element_type=\"section\" data-settings=\"{&quot;background_background&quot;:&quot;classic&quot;}\">\n\t\t\t\t\t\t<div class=\"elementor-container elementor-column-gap-default\">\n\t\t\t\t\t<div class=\"elementor-column elementor-col-100 elementor-top-column elementor-element elementor-element-f2ebc34\" data-id=\"f2ebc34\" data-element_type=\"column\">\n\t\t\t<div class=\"elementor-widget-wrap elementor-element-populated\">\n\t\t\t\t\t\t<div class=\"elementor-element elementor-element-dfca230 elementor-widget elementor-widget-heading\" data-id=\"dfca230\" data-element_type=\"widget\" data-widget_type=\"heading.default\">\n\t\t\t\t<div class=\"elementor-widget-container\">\n\t\t\t\t\t<h2 class=\"elementor-heading-title elementor-size-default\">Ouvidoria<\/h2>\t\t\t\t<\/div>\n\t\t\t\t<\/div>\n\t\t\t\t\t<\/div>\n\t\t<\/div>\n\t\t\t\t\t<\/div>\n\t\t<\/section>\n\t\t\t\t<section class=\"elementor-section elementor-top-section elementor-element elementor-element-8114e68 elementor-section-boxed elementor-section-height-default elementor-section-height-default\" data-id=\"8114e68\" data-element_type=\"section\">\n\t\t\t\t\t\t<div class=\"elementor-container elementor-column-gap-default\">\n\t\t\t\t\t<div class=\"elementor-column elementor-col-100 elementor-top-column elementor-element elementor-element-c3e7af7\" data-id=\"c3e7af7\" data-element_type=\"column\">\n\t\t\t<div class=\"elementor-widget-wrap elementor-element-populated\">\n\t\t\t\t\t\t<div class=\"elementor-element elementor-element-b3ad478 elementor-widget elementor-widget-heading\" data-id=\"b3ad478\" data-element_type=\"widget\" data-widget_type=\"heading.default\">\n\t\t\t\t<div class=\"elementor-widget-container\">\n\t\t\t\t\t<h3 class=\"elementor-heading-title elementor-size-default\">CANAL DE ATENDIMENTO:<\/h3>\t\t\t\t<\/div>\n\t\t\t\t<\/div>\n\t\t\t\t<div class=\"elementor-element elementor-element-f255fd6 elementor-widget elementor-widget-text-editor\" data-id=\"f255fd6\" data-element_type=\"widget\" data-widget_type=\"text-editor.default\">\n\t\t\t\t<div class=\"elementor-widget-container\">\n\t\t\t\t\t\t\t\t\t<p class=\"p1\">Exclusivo para quest\u00f5es n\u00e3o resolvidas pela cooperativa, e que eventualmente possam causar transtornos.<span class=\"Apple-converted-space\">\u00a0<\/span><\/p><p class=\"p1\">Para o recebimento de sugest\u00f5es, reclama\u00e7\u00f5es, d\u00favidas e elogios.<\/p><p class=\"p1\"><strong>Telefone:<\/strong> 0800 042-0851<\/p><p>Esse canal de registro de demandas est\u00e1 dispon\u00edvel de segunda a sexta-feira, em hor\u00e1rio comercial.<\/p><p class=\"p1\">Acesse a plataforma <a href=\"https:\/\/fenacred.com.br\/ouvidoria\">aqui<\/a>.<\/p>\t\t\t\t\t\t\t\t<\/div>\n\t\t\t\t<\/div>\n\t\t\t\t<div class=\"elementor-element elementor-element-6aa66d1 elementor-widget elementor-widget-heading\" data-id=\"6aa66d1\" data-element_type=\"widget\" data-widget_type=\"heading.default\">\n\t\t\t\t<div class=\"elementor-widget-container\">\n\t\t\t\t\t<h3 class=\"elementor-heading-title elementor-size-default\">CANAL DE ATENDIMENTO DE DEN\u00daNCIAS<\/h3>\t\t\t\t<\/div>\n\t\t\t\t<\/div>\n\t\t\t\t<div class=\"elementor-element elementor-element-16ec0b5 elementor-widget elementor-widget-text-editor\" data-id=\"16ec0b5\" data-element_type=\"widget\" data-widget_type=\"text-editor.default\">\n\t\t\t\t<div class=\"elementor-widget-container\">\n\t\t\t\t\t\t\t\t\t<p class=\"p1\">Operada por um servi\u00e7o de den\u00fancias, nosso canal de den\u00fancias \u00e9 uma forma dos associados relatarem suas preocupa\u00e7\u00f5es descrevendo o fato que tomou conhecimento.<\/p><p class=\"p1\">Voc\u00ea pode enviar por e-mail contendo documentos comprobat\u00f3rios do fato relatado (apenas se possuir). E os associados podem realizar den\u00fancias anonimamente.<\/p><p class=\"p1\">Para acessar a plataforma do canal de den\u00fancias clique <a href=\"https:\/\/fenacred.com.br\/canal_de_denuncia\/\">aqui<\/a>.<\/p>\t\t\t\t\t\t\t\t<\/div>\n\t\t\t\t<\/div>\n\t\t\t\t<div class=\"elementor-element elementor-element-5134192 elementor-align-center elementor-widget elementor-widget-button\" data-id=\"5134192\" data-element_type=\"widget\" data-widget_type=\"button.default\">\n\t\t\t\t<div class=\"elementor-widget-container\">\n\t\t\t\t\t\t\t\t\t<div class=\"elementor-button-wrapper\">\n\t\t\t\t\t<a class=\"elementor-button elementor-button-link elementor-size-lg\" href=\"http:\/\/coopercredunilever.com.br\/home\/wp-content\/uploads\/2025\/08\/MANUAL-DE-OUVIDORIA-082025-pdf-D4Sign.pdf\" target=\"_blank\">\n\t\t\t\t\t\t<span class=\"elementor-button-content-wrapper\">\n\t\t\t\t\t\t\t\t\t<span class=\"elementor-button-text\">Manual de ouvidoria<\/span>\n\t\t\t\t\t<\/span>\n\t\t\t\t\t<\/a>\n\t\t\t\t<\/div>\n\t\t\t\t\t\t\t\t<\/div>\n\t\t\t\t<\/div>\n\t\t\t\t<div class=\"elementor-element elementor-element-a31b6d4 elementor-align-center elementor-widget elementor-widget-button\" data-id=\"a31b6d4\" data-element_type=\"widget\" data-widget_type=\"button.default\">\n\t\t\t\t<div class=\"elementor-widget-container\">\n\t\t\t\t\t\t\t\t\t<div class=\"elementor-button-wrapper\">\n\t\t\t\t\t<a class=\"elementor-button elementor-button-link elementor-size-lg\" href=\"http:\/\/coopercredunilever.com.br\/home\/wp-content\/uploads\/2025\/08\/MANUAL-DE-CANAL-DE-DENNCIA-DE-INDCIOS-DE-ILICITUDE-082025-pdf-D4Sign.pdf\" target=\"_blank\">\n\t\t\t\t\t\t<span class=\"elementor-button-content-wrapper\">\n\t\t\t\t\t\t\t\t\t<span class=\"elementor-button-text\">manual do canal de den\u00fancia de ind\u00edcios de ilicitude<\/span>\n\t\t\t\t\t<\/span>\n\t\t\t\t\t<\/a>\n\t\t\t\t<\/div>\n\t\t\t\t\t\t\t\t<\/div>\n\t\t\t\t<\/div>\n\t\t\t\t\t<\/div>\n\t\t<\/div>\n\t\t\t\t\t<\/div>\n\t\t<\/section>\n\t\t\t\t<\/div>\n\t\t","protected":false},"excerpt":{"rendered":"<p>Ouvidoria CANAL DE ATENDIMENTO: Exclusivo para quest\u00f5es n\u00e3o resolvidas pela cooperativa, e que eventualmente possam causar transtornos.\u00a0 Para o recebimento de sugest\u00f5es, reclama\u00e7\u00f5es, d\u00favidas e elogios. Telefone: 0800 042-0851 Esse canal de registro de demandas est\u00e1 dispon\u00edvel de segunda a sexta-feira, em hor\u00e1rio comercial. Acesse a plataforma aqui. CANAL DE ATENDIMENTO DE DEN\u00daNCIAS Operada por [&hellip;]<\/p>\n","protected":false},"author":1,"featured_media":0,"parent":0,"menu_order":0,"comment_status":"closed","ping_status":"closed","template":"elementor_header_footer","meta":{"footnotes":""},"class_list":["post-224","page","type-page","status-publish","hentry"],"_links":{"self":[{"href":"https:\/\/coopercredunilever.com.br\/home\/wp-json\/wp\/v2\/pages\/224","targetHints":{"allow":["GET"]}}],"collection":[{"href":"https:\/\/coopercredunilever.com.br\/home\/wp-json\/wp\/v2\/pages"}],"about":[{"href":"https:\/\/coopercredunilever.com.br\/home\/wp-json\/wp\/v2\/types\/page"}],"author":[{"embeddable":true,"href":"https:\/\/coopercredunilever.com.br\/home\/wp-json\/wp\/v2\/users\/1"}],"replies":[{"embeddable":true,"href":"https:\/\/coopercredunilever.com.br\/home\/wp-json\/wp\/v2\/comments?post=224"}],"version-history":[{"count":49,"href":"https:\/\/coopercredunilever.com.br\/home\/wp-json\/wp\/v2\/pages\/224\/revisions"}],"predecessor-version":[{"id":5131,"href":"https:\/\/coopercredunilever.com.br\/home\/wp-json\/wp\/v2\/pages\/224\/revisions\/5131"}],"wp:attachment":[{"href":"https:\/\/coopercredunilever.com.br\/home\/wp-json\/wp\/v2\/media?parent=224"}],"curies":[{"name":"wp","href":"https:\/\/api.w.org\/{rel}","templated":true}]}}